{"id":976,"date":"2023-03-07T09:40:38","date_gmt":"2023-03-07T12:40:38","guid":{"rendered":"https:\/\/morenoysunyer.com\/esp\/?post_type=product&#038;p=976"},"modified":"2023-10-17T19:42:40","modified_gmt":"2023-10-17T22:42:40","slug":"hotel-emprendimiento","status":"publish","type":"product","link":"https:\/\/morenoysunyer.com\/esp\/producto\/hotel-emprendimiento\/","title":{"rendered":"Hotel \/ Emprendimiento"},"content":{"rendered":"<p>Pr\u00f3ximo a <span class=\"fontstyle0\">la Terminal de Omnibus de Punta del Este y a metros del Mirador de Punta del Este y la Playa Brava con la emblem\u00e1tica escultura llamada \u201cLos Dedos\u201d.<\/span><\/p>\n<p>Inmueble perteneciente a Ex Hotel 2 estrellas para reacondicionar. Tambien apto para emprendimiento edilicio, en zona con servicios y grandes atractivos paisajisticos.<\/p>\n<p><span class=\"fontstyle0\">Se trata de dos padrones unificados (ambos de 400 m2 c\/u) para lograr una superficie aprovechable de un total de 800 m2 (20 mt de frente y 40 mts de fondo).<\/span><\/p>\n<p><span class=\"fontstyle0\">En el padr\u00f3n 1, se desarrolla el inmueble del Ex Hotel, el cual se compone de un edificio con planta baja + 2 pisos, totalizando una superficie de 680 m2 + 1 subsuelo (aproximadamente 110 m2). Se distribuye en 24 habitaciones con ba\u00f1o en suite. <\/span><\/p>\n<p><span class=\"fontstyle0\">Hacia el fondo de la propiedad cuenta con una construcci\u00f3n utilizada como Barbacoa \u00f3 como vivienda del personal de vigilancia, y se conforma de 1 dormitorio, living, comedor, cocina y ba\u00f1o, con un parrillero en el patio.<\/span><\/p>\n<p>El padr\u00f3n 2, consta de <span class=\"fontstyle0\">una edificaci\u00f3n de unos 380 m2 en planta baja, y cuenta con un amplio subsuelo, utilizado en su momento como local bailable.<\/span><\/p>\n<p><span class=\"fontstyle0\">El conjunto, se trata de una construcci\u00f3n del a\u00f1o 1973 cuya estructura se encuentra en regular estado de conservaci\u00f3n. Es necesario realizar una actualizaci\u00f3n de las instalaciones de agua y luz, recambio de pisos, revestimientos, pintura, etc.<\/span><\/p>\n<p>Existe autorizaci\u00f3n para <span class=\"fontstyle0\">agregar 3 pisos al edificio existente en el padr\u00f3n 1 y 5 pisos en el padr\u00f3n 2, lo que da la posibilidad de desarrollar (en el padr\u00f3n unificado) una edificaci\u00f3n de 5 pisos de altura.<\/span><\/p>\n","protected":false},"excerpt":{"rendered":"<p>Pr\u00f3ximo a la Terminal de Omnibus de Punta del Este y a metros del Mirador de Punta del Este y la Playa Brava con la emblem\u00e1tica escultura llamada \u201cLos Dedos\u201d. Inmueble perteneciente a Ex Hotel 2 estrellas para reacondicionar. Tambien apto para emprendimiento edilicio, en zona con servicios y grandes atractivos paisajisticos. Se trata de [&hellip;]<\/p>\n","protected":false},"featured_media":977,"template":"","meta":{"om_disable_all_campaigns":false,"pagelayer_contact_templates":[],"_pagelayer_content":"","_monsterinsights_skip_tracking":false,"_monsterinsights_sitenote_active":false,"_monsterinsights_sitenote_note":"","_monsterinsights_sitenote_category":0,"jetpack_publicize_message":"","jetpack_publicize_feature_enabled":true,"jetpack_social_post_already_shared":true,"jetpack_social_options":{"image_generator_settings":{"template":"highway","default_image_id":0,"font":"","enabled":false},"version":2}},"product_brand":[],"product_cat":[26,21],"product_tag":[],"class_list":{"0":"post-976","1":"product","2":"type-product","3":"status-publish","4":"has-post-thumbnail","6":"product_cat-edificios-y-fraccionamientos","7":"product_cat-negocios-hoteles","8":"pa_banos-en-suite","9":"pa_casa-de-huespedes-si","10":"pa_cochera-no","11":"pa_otras-construcciones-parrillero","12":"pa_superficie-edificada-1200-mts2-en-varias-plantas","13":"pa_superficie-total-800-mts2","15":"first","16":"instock","17":"virtual","18":"purchasable","19":"product-type-simple"},"aioseo_notices":[],"jetpack_publicize_connections":[],"jetpack_sharing_enabled":true,"_links":{"self":[{"href":"https:\/\/morenoysunyer.com\/esp\/wp-json\/wp\/v2\/product\/976","targetHints":{"allow":["GET"]}}],"collection":[{"href":"https:\/\/morenoysunyer.com\/esp\/wp-json\/wp\/v2\/product"}],"about":[{"href":"https:\/\/morenoysunyer.com\/esp\/wp-json\/wp\/v2\/types\/product"}],"wp:featuredmedia":[{"embeddable":true,"href":"https:\/\/morenoysunyer.com\/esp\/wp-json\/wp\/v2\/media\/977"}],"wp:attachment":[{"href":"https:\/\/morenoysunyer.com\/esp\/wp-json\/wp\/v2\/media?parent=976"}],"wp:term":[{"taxonomy":"product_brand","embeddable":true,"href":"https:\/\/morenoysunyer.com\/esp\/wp-json\/wp\/v2\/product_brand?post=976"},{"taxonomy":"product_cat","embeddable":true,"href":"https:\/\/morenoysunyer.com\/esp\/wp-json\/wp\/v2\/product_cat?post=976"},{"taxonomy":"product_tag","embeddable":true,"href":"https:\/\/morenoysunyer.com\/esp\/wp-json\/wp\/v2\/product_tag?post=976"}],"curies":[{"name":"wp","href":"https:\/\/api.w.org\/{rel}","templated":true}]}}