{"id":1086,"date":"2023-06-19T11:04:14","date_gmt":"2023-06-19T14:04:14","guid":{"rendered":"https:\/\/morenoysunyer.com\/esp\/?post_type=product&#038;p=1086"},"modified":"2023-06-19T11:05:06","modified_gmt":"2023-06-19T14:05:06","slug":"apartamento-en-punta-ballena","status":"publish","type":"product","link":"https:\/\/morenoysunyer.com\/esp\/producto\/apartamento-en-punta-ballena\/","title":{"rendered":"Apartamento en Punta Ballena"},"content":{"rendered":"<p>Espectacular vista al mar.<\/p>\n<ol>\n<li>40 m\u00b2 Total<\/li>\n<li>40 m\u00b2 Cubierta<\/li>\n<li>2 Ambientes<\/li>\n<li>2 Ba\u00f1os<\/li>\n<li>1 Cochera<\/li>\n<li>1 Dormitorio<\/li>\n<li>1 a\u00f1o de Antig\u00fcedad<\/li>\n<\/ol>\n<ul>\n<li>Living comedor, jhermoso balc\u00f3n terraza.<\/li>\n<li>Potencial 2\u00ba dormitorio en espacioso living.<\/li>\n<li>Cocina.<\/li>\n<li>Dormitorio en suite con vestidor y ba\u00f1o completo.<\/li>\n<li>Lind\u00edsimo balc\u00f3n terraza con parrillero con vistas incre\u00edbles al mar.<\/li>\n<li>Cochera cubierta.<\/li>\n<li>Full Amenities.<\/li>\n<li>Servicio de limpieza.<\/li>\n<li>Club House.<\/li>\n<li>Restaurante.<\/li>\n<li>Beach Service<\/li>\n<\/ul>\n","protected":false},"excerpt":{"rendered":"<p>Espectacular vista al mar. 40 m\u00b2 Total 40 m\u00b2 Cubierta 2 Ambientes 2 Ba\u00f1os 1 Cochera 1 Dormitorio 1 a\u00f1o de Antig\u00fcedad Living comedor, jhermoso balc\u00f3n terraza. Potencial 2\u00ba dormitorio en espacioso living. Cocina. Dormitorio en suite con vestidor y ba\u00f1o completo. Lind\u00edsimo balc\u00f3n terraza con parrillero con vistas incre\u00edbles al mar. Cochera cubierta. Full [&hellip;]<\/p>\n","protected":false},"featured_media":1087,"template":"","meta":{"om_disable_all_campaigns":false,"pagelayer_contact_templates":[],"_pagelayer_content":"","_monsterinsights_skip_tracking":false,"_monsterinsights_sitenote_active":false,"_monsterinsights_sitenote_note":"","_monsterinsights_sitenote_category":0,"jetpack_publicize_message":"","jetpack_publicize_feature_enabled":true,"jetpack_social_post_already_shared":true,"jetpack_social_options":{"image_generator_settings":{"template":"highway","default_image_id":0,"font":"","enabled":false},"version":2}},"product_brand":[],"product_cat":[22],"product_tag":[],"class_list":{"0":"post-1086","1":"product","2":"type-product","3":"status-publish","4":"has-post-thumbnail","6":"product_cat-apartamentos","8":"first","9":"instock","10":"shipping-taxable","11":"purchasable","12":"product-type-simple"},"aioseo_notices":[],"jetpack_publicize_connections":[],"jetpack_sharing_enabled":true,"_links":{"self":[{"href":"https:\/\/morenoysunyer.com\/esp\/wp-json\/wp\/v2\/product\/1086","targetHints":{"allow":["GET"]}}],"collection":[{"href":"https:\/\/morenoysunyer.com\/esp\/wp-json\/wp\/v2\/product"}],"about":[{"href":"https:\/\/morenoysunyer.com\/esp\/wp-json\/wp\/v2\/types\/product"}],"wp:featuredmedia":[{"embeddable":true,"href":"https:\/\/morenoysunyer.com\/esp\/wp-json\/wp\/v2\/media\/1087"}],"wp:attachment":[{"href":"https:\/\/morenoysunyer.com\/esp\/wp-json\/wp\/v2\/media?parent=1086"}],"wp:term":[{"taxonomy":"product_brand","embeddable":true,"href":"https:\/\/morenoysunyer.com\/esp\/wp-json\/wp\/v2\/product_brand?post=1086"},{"taxonomy":"product_cat","embeddable":true,"href":"https:\/\/morenoysunyer.com\/esp\/wp-json\/wp\/v2\/product_cat?post=1086"},{"taxonomy":"product_tag","embeddable":true,"href":"https:\/\/morenoysunyer.com\/esp\/wp-json\/wp\/v2\/product_tag?post=1086"}],"curies":[{"name":"wp","href":"https:\/\/api.w.org\/{rel}","templated":true}]}}