{"id":1210,"date":"2023-08-21T16:11:39","date_gmt":"2023-08-21T19:11:39","guid":{"rendered":"https:\/\/morenoysunyer.com\/esp\/?page_id=1210"},"modified":"2023-08-28T12:46:11","modified_gmt":"2023-08-28T15:46:11","slug":"prestamos-para-construccion","status":"publish","type":"page","link":"https:\/\/morenoysunyer.com\/esp\/prestamos-para-construccion\/","title":{"rendered":"Pr\u00e9stamos para Construcci\u00f3n"},"content":{"rendered":"\n\n\n\n\n\n\n\n<p>con\u00f3zcanos<\/p>\n\n\n\n\n\n\n\n\r\n<p>Casas<\/p>\r\n\n\r\n<p>Apartamentos<\/p>\r\n\n\n\n\n\n<p>Ampliaciones<\/p>\n<p>Reformas<\/p>\n\n\n\n\n\n<p>Tratando de construir?<br><\/p>\n<p>Tenemos la mejor opci\u00f3n del mercado para que su sue\u00f1o de construir, se haga realidad, en muy poco tiempo, con excelente calidad constructiva, y a un precio incre\u00edble.<br><\/p>\n<h3>Pr\u00e9stamo Hipotecario sobre el Valor de su Terreno<br><\/h3>\n<p>El mejor sistema para que pueda disponer del dinero para construir una nueva vivienda o reformar la existente.<br><\/p>\n<p>Basta de las penurias para agregar una habitaci\u00f3n m\u00e1s, hacer un segundo piso, construir en el fondo del terreno la primera casita para los hijos, o incluso poder invertir en hacer apartamentos como renta. <br><\/p>\n<p>Un pr\u00e9stamo que asegura el valor de su construcci\u00f3n, ya que cuenta con el asesoramiento y ejecuci\u00f3n a cargo de CAMPIZAL CONSTRUCCIONES, empresa con trayectoria en la ejecuci\u00f3n de proyectos y obras constructivas. <br><\/p>\n\n\n\n\n<p><span class=\"fontstyle0\">Condiciones generales del pr\u00e9stamo para construir<\/span><\/p>\n<p><span class=\"fontstyle0\">super accesible y sin limites de edad<\/span><\/p>\n\n\n<span class=\"fontstyle0\">Excelente Opci\u00f3n para Personas Mayores.<\/span>\n<span class=\"fontstyle0\">NO ES REQUISITO EXCLUYENTE el informe favorable del Clearing pudiendo\nser igualmente beneficiado con el pr\u00e9stamo.<\/span>\n<span class=\"fontstyle0\">Es FUNDAMENTAL que la documentaci\u00f3n (t\u00edtulos) se encuentre en regla y no existan deudas de\nninguna especie.<\/span>\n<span class=\"fontstyle0\">Valor m\u00e1ximo del pr\u00e9stamo equivalente al 50% del valor del terreno o propiedad que respalda la operaci\u00f3n.<\/span>\n\n\n<p><\/p>\n<p>Sin costos ocultos<br><\/p>\n<p class=\"item\"><\/p>\n<span class=\"fontstyle0\">Tiempo para el estudio del pr\u00e9stamo menor a<\/br> 10 d\u00edas.<\/span>\n<span class=\"fontstyle0\">&nbsp;Inter\u00e9s TEA 10%.&nbsp;<\/span>\n<span class=\"fontstyle0\">Costo de cancelaci\u00f3n U$S 700<\/span>\n<span class=\"fontstyle0\">Gastos administrativos U$S 3.500<\/span>\n\n\n<p><\/p>\n<p>Caso de ejemplo<br><\/p>\n<p class=\"item\"><\/p>\n<span class=\"fontstyle0\">Terreno o propiedad de respaldo<br><\/span>\n<h4>U$S 40.000<\/h4>\n<span class=\"fontstyle0\">Pr\u00e9stamo otorgable para construir<br><\/span>\n<h4>U$S 20.000<\/h4>\n<span class=\"fontstyle0\">Opci\u00f3n 1: Devoluci\u00f3n en 120 cuotas de<br><\/span>\n<h4>U$S 305<\/h4>\n<span class=\"fontstyle0\">Opci\u00f3n 2: Devoluci\u00f3n en 84 cuotas de<\/span>\n<h4>U$S 385<\/h4>\n\n\n\n\n\n\n<br>\n\n\n\n\n\n<p>Casa para mi hijo<br><\/p>\n<p class=\"item\"><\/p>\n<p><\/p>\n<p>Ten\u00edamos el espacio en el fondo de casa, pero mi hijo nunca pod\u00eda juntar lo suficiente para edificar. Gracias a esta opci\u00f3n, ya tiene su casita con un dormitorio para comenzar. Una vivienda bien hecha, garantizada y muy accesible. <br><\/p>\n<p class=\"item\"><\/p>\n\n\n\n<p>qu\u00e9 ampliaci\u00f3n!<br><\/p>\n<p class=\"item\"><\/p>\n<p><\/p>\n<p>Perdimos a mi pap\u00e1 y mam\u00e1 no pod\u00eda quedar sola. Ante tal situaci\u00f3n, la opci\u00f3n era ampliar la casa hacia arriba. El pr\u00e9stamo y el apoyo de la constructora nos ayudo a solucionar el tema, haciendo habitaciones arriba para poder dejar planta baja para mam\u00e1. <br><\/p>\n<p class=\"item\"><\/p>\n\n\n\n<p>edificar para vacacionar<br><\/p>\n<p class=\"item\"><\/p>\n<p>Siempre quisimos una casita en un terreno que tenemos afuera. Quer\u00edamos algo que no fuera caro pero tampoco contenedores. Con este pr\u00e9stamo, no solo aseguramos una obra en condiciones, sino un plan de financiaci\u00f3n por la obra que est\u00e1 a nuestro alcance.<\/p>\n<p class=\"item\"><\/p>\n\n\n\n<p>M\u00e1s ingresos, r\u00e1pido y f\u00e1cil<br><\/p>\n<p class=\"item\"><\/p>\n<\/p>\n<p>Soy jubilado y buscaba como mejorar mis ingresos. El pr\u00e9stamo me dio la posibilidad de edificar tres apartamentos en mi terreno. Con lo que saco de alquiler, pago la cuota y me queda dinero. Ni bien pueda repito la jugada!!.<\/p>\n<p class=\"item\">\n\n\n","protected":false},"excerpt":{"rendered":"","protected":false},"author":1,"featured_media":0,"parent":0,"menu_order":0,"comment_status":"closed","ping_status":"closed","template":"","meta":{"om_disable_all_campaigns":false,"pagelayer_contact_templates":[],"_pagelayer_content":"","_monsterinsights_skip_tracking":false,"_monsterinsights_sitenote_active":false,"_monsterinsights_sitenote_note":"","_monsterinsights_sitenote_category":0,"footnotes":""},"class_list":["post-1210","page","type-page","status-publish","hentry"],"aioseo_notices":[],"jetpack_sharing_enabled":true,"_links":{"self":[{"href":"https:\/\/morenoysunyer.com\/esp\/wp-json\/wp\/v2\/pages\/1210","targetHints":{"allow":["GET"]}}],"collection":[{"href":"https:\/\/morenoysunyer.com\/esp\/wp-json\/wp\/v2\/pages"}],"about":[{"href":"https:\/\/morenoysunyer.com\/esp\/wp-json\/wp\/v2\/types\/page"}],"author":[{"embeddable":true,"href":"https:\/\/morenoysunyer.com\/esp\/wp-json\/wp\/v2\/users\/1"}],"replies":[{"embeddable":true,"href":"https:\/\/morenoysunyer.com\/esp\/wp-json\/wp\/v2\/comments?post=1210"}],"version-history":[{"count":46,"href":"https:\/\/morenoysunyer.com\/esp\/wp-json\/wp\/v2\/pages\/1210\/revisions"}],"predecessor-version":[{"id":1262,"href":"https:\/\/morenoysunyer.com\/esp\/wp-json\/wp\/v2\/pages\/1210\/revisions\/1262"}],"wp:attachment":[{"href":"https:\/\/morenoysunyer.com\/esp\/wp-json\/wp\/v2\/media?parent=1210"}],"curies":[{"name":"wp","href":"https:\/\/api.w.org\/{rel}","templated":true}]}}